{"id":189,"date":"2018-09-17T14:00:51","date_gmt":"2018-09-17T12:00:51","guid":{"rendered":"http:\/\/wp1137867.server-he.de\/?page_id=189"},"modified":"2025-01-21T13:34:16","modified_gmt":"2025-01-21T12:34:16","slug":"kinderkirche","status":"publish","type":"page","link":"https:\/\/katholische-kirche-wismar.de\/?page_id=189","title":{"rendered":"Kinderkirche in Wismar"},"content":{"rendered":"\n<a href=\"https:\/\/katholische-kirche-wismar.de\/wp-content\/uploads\/sites\/20\/2020\/11\/Folie_Homepage_HWI_Kirchen_2020-klein.pdf\" class=\"pdfemb-viewer\" style=\"\" data-width=\"max\" data-height=\"max\" data-toolbar=\"top\" data-toolbar-fixed=\"off\">Folie_Homepage_HWI_Kirchen_2020 - klein<\/a>\n<p>\u00a0<\/p>\n<a href=\"https:\/\/katholische-kirche-wismar.de\/wp-content\/uploads\/sites\/20\/2025\/01\/Kinderkirche.pdf\" class=\"pdfemb-viewer\" style=\"\" data-width=\"max\" data-height=\"max\" data-toolbar=\"top\" data-toolbar-fixed=\"off\">Kinderkirche<\/a>\n<p>\u00a0<\/p>\n<h6 class=\"wp-block-heading\" style=\"text-align: center\"><span style=\"color: #000080;font-family: 'times new roman', times, serif;font-size: 14pt\">Damit auch unsere J\u00fcngsten Freude am Gottesdienst haben, gestaltet Frau Katrin Mannheimer gemeinsam mit anderen Eltern einmal im Monat parallel zum Hochamt in Wismar einen Gottesdienst f\u00fcr Kinder.\u00a0<\/span><\/h6>\n\n\n\n<p class=\"has-text-align-center\"><span style=\"color: #000080;font-family: 'times new roman', times, serif;font-size: 14pt\"> Beginn ist immer um <span style=\"color: #ff0000\">10.30 Uhr im Gemeinderaum.<\/span><\/span><\/p>\n\n\n\n<p class=\"has-text-align-center\"><span style=\"font-family: 'times new roman', times, serif;font-size: 14pt\">Zur gleichen Zeit wie die \u201eGro\u00dfen&#8220; in der Kirche die heilige Messe beginnen wir den Wortgottesdienst f\u00fcr Kinder. Kindgerecht in Sprache und Methode m\u00f6chten wir den Kindern die frohe Botschaft Jesu Christi verk\u00fcnden.<\/span><br><br><\/p>\n\n\n\n<p class=\"has-text-align-center\">&nbsp;<\/p>\n\n\n\n<h6 class=\"wp-block-heading\"><span style=\"color: #000080;font-family: 'times new roman', times, serif;font-size: 14pt\"><em><strong>Das Vorbereitungsteam<\/strong><\/em><\/span><\/h6>\n\n\n\n<h6 class=\"wp-block-heading\"><span style=\"font-family: 'times new roman', times, serif;font-size: 14pt\">Wir freuen uns stets \u00fcber Verst\u00e4rkung.<\/span><\/h6>\n\n\n\n<h6 class=\"wp-block-heading\"><span style=\"font-family: 'times new roman', times, serif;font-size: 14pt\">Ansprechpartnerin: <em><span style=\"color: #000080\">Katrin Mannheimer<\/span>; Tel. 03841\/288539<\/em><\/span><\/h6>\n\n\n\n<p class=\"has-text-align-center\">&nbsp;<\/p>\n","protected":false},"excerpt":{"rendered":"<p>\u00a0 \u00a0 Damit auch unsere J\u00fcngsten Freude am Gottesdienst haben, gestaltet Frau Katrin Mannheimer gemeinsam mit anderen Eltern einmal im Monat parallel zum Hochamt in Wismar einen Gottesdienst f\u00fcr Kinder.\u00a0 Beginn ist immer um 10.30 Uhr im Gemeinderaum. Zur gleichen Zeit wie die \u201eGro\u00dfen&#8220; in der Kirche die heilige Messe beginnen wir den Wortgottesdienst f\u00fcr &hellip; <a href=\"https:\/\/katholische-kirche-wismar.de\/?page_id=189\" class=\"more-link\"><span class=\"screen-reader-text\">Kinderkirche in Wismar<\/span> weiterlesen <span class=\"meta-nav\">&rarr;<\/span><\/a><\/p>\n","protected":false},"author":287,"featured_media":0,"parent":0,"menu_order":0,"comment_status":"closed","ping_status":"closed","template":"","meta":{"jetpack_post_was_ever_published":false,"footnotes":""},"class_list":["post-189","page","type-page","status-publish","hentry"],"jetpack_sharing_enabled":true,"jetpack_shortlink":"https:\/\/wp.me\/PcRq38-33","_links":{"self":[{"href":"https:\/\/katholische-kirche-wismar.de\/index.php?rest_route=\/wp\/v2\/pages\/189","targetHints":{"allow":["GET"]}}],"collection":[{"href":"https:\/\/katholische-kirche-wismar.de\/index.php?rest_route=\/wp\/v2\/pages"}],"about":[{"href":"https:\/\/katholische-kirche-wismar.de\/index.php?rest_route=\/wp\/v2\/types\/page"}],"author":[{"embeddable":true,"href":"https:\/\/katholische-kirche-wismar.de\/index.php?rest_route=\/wp\/v2\/users\/287"}],"replies":[{"embeddable":true,"href":"https:\/\/katholische-kirche-wismar.de\/index.php?rest_route=%2Fwp%2Fv2%2Fcomments&post=189"}],"version-history":[{"count":2,"href":"https:\/\/katholische-kirche-wismar.de\/index.php?rest_route=\/wp\/v2\/pages\/189\/revisions"}],"predecessor-version":[{"id":4072,"href":"https:\/\/katholische-kirche-wismar.de\/index.php?rest_route=\/wp\/v2\/pages\/189\/revisions\/4072"}],"wp:attachment":[{"href":"https:\/\/katholische-kirche-wismar.de\/index.php?rest_route=%2Fwp%2Fv2%2Fmedia&parent=189"}],"curies":[{"name":"wp","href":"https:\/\/api.w.org\/{rel}","templated":true}]}}

<a href="https://katholische-kirche-wismar.de/wp-content/uploads/sites/20/2020/11/Folie_Homepage_HWI_Kirchen_2020-klein.pdf" class="pdfemb-viewer" style="" data-width="max" data-height="max" data-toolbar="top" data-toolbar-fixed="off">Folie_Homepage_HWI_Kirchen_2020 - klein</a>
<p> </p>
<a href="https://katholische-kirche-wismar.de/wp-content/uploads/sites/20/2025/01/Kinderkirche.pdf" class="pdfemb-viewer" style="" data-width="max" data-height="max" data-toolbar="top" data-toolbar-fixed="off">Kinderkirche</a>
<p> </p>
<h6 class="wp-block-heading" style="text-align: center"><span style="color: #000080;font-family: 'times new roman', times, serif;font-size: 14pt">Damit auch unsere Jüngsten Freude am Gottesdienst haben, gestaltet Frau Katrin Mannheimer gemeinsam mit anderen Eltern einmal im Monat parallel zum Hochamt in Wismar einen Gottesdienst für Kinder. </span></h6>



<p class="has-text-align-center"><span style="color: #000080;font-family: 'times new roman', times, serif;font-size: 14pt"> Beginn ist immer um <span style="color: #ff0000">10.30 Uhr im Gemeinderaum.</span></span></p>



<p class="has-text-align-center"><span style="font-family: 'times new roman', times, serif;font-size: 14pt">Zur gleichen Zeit wie die „Großen&#8220; in der Kirche die heilige Messe beginnen wir den Wortgottesdienst für Kinder. Kindgerecht in Sprache und Methode möchten wir den Kindern die frohe Botschaft Jesu Christi verkünden.</span><br><br></p>



<p class="has-text-align-center">&nbsp;</p>



<h6 class="wp-block-heading"><span style="color: #000080;font-family: 'times new roman', times, serif;font-size: 14pt"><em><strong>Das Vorbereitungsteam</strong></em></span></h6>



<h6 class="wp-block-heading"><span style="font-family: 'times new roman', times, serif;font-size: 14pt">Wir freuen uns stets über Verstärkung.</span></h6>



<h6 class="wp-block-heading"><span style="font-family: 'times new roman', times, serif;font-size: 14pt">Ansprechpartnerin: <em><span style="color: #000080">Katrin Mannheimer</span>; Tel. 03841/288539</em></span></h6>



<p class="has-text-align-center">&nbsp;</p>

<p>    Damit auch unsere Jüngsten Freude am Gottesdienst haben, gestaltet Frau Katrin Mannheimer gemeinsam mit anderen Eltern einmal im Monat parallel zum Hochamt in Wismar einen Gottesdienst für Kinder.  Beginn ist immer um 10.30 Uhr im Gemeinderaum. Zur gleichen Zeit wie die „Großen&#8220; in der Kirche die heilige Messe beginnen wir den Wortgottesdienst für &hellip; <a href="https://katholische-kirche-wismar.de/?page_id=189" class="more-link"><span class="screen-reader-text">Kinderkirche in Wismar</span> weiterlesen <span class="meta-nav">&rarr;</span></a></p>
