{"id":92,"date":"2018-09-17T08:15:08","date_gmt":"2018-09-17T06:15:08","guid":{"rendered":"http:\/\/wp1137867.server-he.de\/?page_id=92"},"modified":"2019-03-13T23:55:21","modified_gmt":"2019-03-13T22:55:21","slug":"kluetz","status":"publish","type":"page","link":"https:\/\/katholische-kirche-wismar.de\/?page_id=92","title":{"rendered":"Kl\u00fctz &#8211; Kirche Mari\u00e4 Himmelfahrt"},"content":{"rendered":"<p>&nbsp;<\/p>\n<p><img loading=\"lazy\" decoding=\"async\" class=\" wp-image-1419 aligncenter\" src=\"https:\/\/www.katholische-kirche-wismar.de\/wp-content\/uploads\/sites\/20\/2019\/03\/IMG_3675-e1552517299319-225x300.jpg\" alt=\"\" width=\"258\" height=\"344\" srcset=\"https:\/\/katholische-kirche-wismar.de\/wp-content\/uploads\/sites\/20\/2019\/03\/IMG_3675-e1552517299319-225x300.jpg 225w, https:\/\/katholische-kirche-wismar.de\/wp-content\/uploads\/sites\/20\/2019\/03\/IMG_3675-e1552517299319-768x1024.jpg 768w\" sizes=\"auto, (max-width: 258px) 100vw, 258px\" \/><\/p>\n<p style=\"text-align: center\"><span style=\"font-size: 14pt;font-family: 'times new roman', times, serif\">Der erste katholische Gottesdienst nach der Reformation war am 21.11.1915 im Saal der Gastwirtschaft Kr\u00f6ger in Kl\u00fctz.<\/span><\/p>\n<p style=\"text-align: center\"><span style=\"font-size: 14pt;font-family: 'times new roman', times, serif\">Von 1915 an kamen monatlich die Geistlichen aus Wismar, um in Kl\u00fctz Gottesdienst zu halten. 1918 wurde im Schlo\u00df Bothmer eine Kapelle eingerichtet. 1925 stellte Graf Bothmer die Friedhofskapelle f\u00fcr Gottesdienste zur Verf\u00fcgung. 1932 lie\u00df die konvertierte Reichsgr\u00e4fin von Bothmer, Mary Collingwood, f\u00fcr die \u00fcberwiegend polnischen und oberschlesischen Schnitter und Arbeiter eine eigene Kirche bauen.<\/span><\/p>\n<p><img loading=\"lazy\" decoding=\"async\" class=\" wp-image-1422 aligncenter\" src=\"https:\/\/www.katholische-kirche-wismar.de\/wp-content\/uploads\/sites\/20\/2019\/03\/IMG_3677-e1552517421325-225x300.jpg\" alt=\"\" width=\"240\" height=\"320\" srcset=\"https:\/\/katholische-kirche-wismar.de\/wp-content\/uploads\/sites\/20\/2019\/03\/IMG_3677-e1552517421325-225x300.jpg 225w, https:\/\/katholische-kirche-wismar.de\/wp-content\/uploads\/sites\/20\/2019\/03\/IMG_3677-e1552517421325-768x1024.jpg 768w\" sizes=\"auto, (max-width: 240px) 100vw, 240px\" \/><\/p>\n<p style=\"text-align: center\"><span style=\"font-family: 'times new roman', times, serif;font-size: 14pt\">Sie wurde dem Patronat Mari\u00e4 Aufnahme in den Himmel geweiht. Von 1945 bis 1952 wurde die Gemeinde von Grevesm\u00fchlen aus betreut.<\/span><\/p>\n<p><img loading=\"lazy\" decoding=\"async\" class=\" wp-image-1423 aligncenter\" src=\"https:\/\/www.katholische-kirche-wismar.de\/wp-content\/uploads\/sites\/20\/2019\/03\/IMG_3680-e1552517478362-225x300.jpg\" alt=\"\" width=\"247\" height=\"329\" srcset=\"https:\/\/katholische-kirche-wismar.de\/wp-content\/uploads\/sites\/20\/2019\/03\/IMG_3680-e1552517478362-225x300.jpg 225w, https:\/\/katholische-kirche-wismar.de\/wp-content\/uploads\/sites\/20\/2019\/03\/IMG_3680-e1552517478362-768x1024.jpg 768w\" sizes=\"auto, (max-width: 247px) 100vw, 247px\" \/><\/p>\n<p style=\"text-align: center\"><span style=\"font-family: 'times new roman', times, serif;font-size: 14pt\">Am 01.04.1952 wurde Kl\u00fctz dann eine eigene Seelsorgestelle. Von 1980 bis 1997 wurde die Gemeinde von der Pfarrei Wismar betreut. Seit dem 01.01.1998 wurde Kl\u00fctz wieder von Grevesm\u00fchlen aus betreut- seit dem 01.09.2012 geh\u00f6rt die Kirche wieder zur Gro\u00dfpfarrei St. Laurentius in Wismar.<\/span><\/p>\n<p><img loading=\"lazy\" decoding=\"async\" class=\" wp-image-1426 aligncenter\" src=\"https:\/\/www.katholische-kirche-wismar.de\/wp-content\/uploads\/sites\/20\/2019\/03\/IMG_3681-e1552517573847-225x300.jpg\" alt=\"\" width=\"260\" height=\"347\" srcset=\"https:\/\/katholische-kirche-wismar.de\/wp-content\/uploads\/sites\/20\/2019\/03\/IMG_3681-e1552517573847-225x300.jpg 225w, https:\/\/katholische-kirche-wismar.de\/wp-content\/uploads\/sites\/20\/2019\/03\/IMG_3681-e1552517573847-768x1024.jpg 768w\" sizes=\"auto, (max-width: 260px) 100vw, 260px\" \/> <img loading=\"lazy\" decoding=\"async\" class=\" wp-image-1425 aligncenter\" src=\"https:\/\/www.katholische-kirche-wismar.de\/wp-content\/uploads\/sites\/20\/2019\/03\/IMG_3678-300x225.jpg\" alt=\"\" width=\"325\" height=\"244\" srcset=\"https:\/\/katholische-kirche-wismar.de\/wp-content\/uploads\/sites\/20\/2019\/03\/IMG_3678-300x225.jpg 300w, https:\/\/katholische-kirche-wismar.de\/wp-content\/uploads\/sites\/20\/2019\/03\/IMG_3678-768x576.jpg 768w, https:\/\/katholische-kirche-wismar.de\/wp-content\/uploads\/sites\/20\/2019\/03\/IMG_3678-1024x768.jpg 1024w\" sizes=\"auto, (max-width: 325px) 100vw, 325px\" \/> <img loading=\"lazy\" decoding=\"async\" class=\" wp-image-1424 aligncenter\" src=\"https:\/\/www.katholische-kirche-wismar.de\/wp-content\/uploads\/sites\/20\/2019\/03\/IMG_3674-e1552517556436-225x300.jpg\" alt=\"\" width=\"267\" height=\"356\" srcset=\"https:\/\/katholische-kirche-wismar.de\/wp-content\/uploads\/sites\/20\/2019\/03\/IMG_3674-e1552517556436-225x300.jpg 225w, https:\/\/katholische-kirche-wismar.de\/wp-content\/uploads\/sites\/20\/2019\/03\/IMG_3674-e1552517556436-768x1024.jpg 768w\" sizes=\"auto, (max-width: 267px) 100vw, 267px\" \/><\/p>\n<p>&nbsp;<\/p>\n<p><div class=\"leaflet-map WPLeafletMap\" style=\"height:250px; width:100%;\"><\/div><script>\nwindow.WPLeafletMapPlugin = window.WPLeafletMapPlugin || [];\nwindow.WPLeafletMapPlugin.push(function WPLeafletMapShortcode() {\/*<script>*\/\nvar baseUrl = atob('aHR0cHM6Ly90aWxlLm9wZW5zdHJlZXRtYXAub3JnL3t6fS97eH0ve3l9LnBuZw==');\nvar base = (!baseUrl && window.MQ) ?\n    window.MQ.mapLayer() : L.tileLayer(baseUrl,\n        L.Util.extend({}, {\n            detectRetina: 0,\n        },\n        {\"subdomains\":\"abc\",\"noWrap\":false,\"maxZoom\":19}        )\n    );\n    var options = L.Util.extend({}, {\n        layers: [base],\n        attributionControl: false\n    },\n    {\"zoomControl\":true,\"scrollWheelZoom\":true,\"doubleClickZoom\":true,\"fitBounds\":false,\"minZoom\":0,\"maxZoom\":19,\"maxBounds\":null,\"attribution\":\"<a href=\\\"http:\\\/\\\/leafletjs.com\\\" title=\\\"Eine Javascript-Bibliothek f\\u00fcr interaktive Karten\\\">Leaflet<\\\/a>; \\u00a9 <a href=\\\"http:\\\/\\\/www.openstreetmap.org\\\/copyright\\\">OpenStreetMap<\\\/a> Mitwirkende\"},\n    {});\nwindow.WPLeafletMapPlugin.createMap(options).setView([53.9636666375,11.1755955219],12);});<\/script><br \/>\n<script>\nwindow.WPLeafletMapPlugin = window.WPLeafletMapPlugin || [];\nwindow.WPLeafletMapPlugin.push(function WPLeafletMarkerShortcode() {\/*<script>*\/\nvar map = window.WPLeafletMapPlugin.getCurrentMap();\nvar group = window.WPLeafletMapPlugin.getCurrentGroup();\nvar marker_options = window.WPLeafletMapPlugin.getIconOptions({});\nvar marker = L.marker(\n    [0,0],\n    marker_options\n);\nvar is_image = map.is_image_map;\n    marker.setLatLng( map.getCenter() );\nif (marker_options.draggable) {\n    marker.on('dragend', function () {\n        var latlng = this.getLatLng();\n        var lat = latlng.lat;\n        var lng = latlng.lng;\n        if (is_image) {\n            console.log('leaflet-marker y=' + lat + ' x=' + lng);\n        } else {\n            console.log('leaflet-marker lat=' + lat + ' lng=' + lng);\n        }\n    });\n}\nmarker.addTo( group );\nmarker.bindPopup(window.WPLeafletMapPlugin.unescape('&lt;strong&gt;Kirche Mari\u00e4 Himmelfahrt&lt;\/strong&gt;&lt;br \/&gt;&lt;br&gt;Wismarsche Str. 14&lt;br \/&gt;&lt;br&gt;23948 Kl\u00fctz')).openPopup();window.WPLeafletMapPlugin.markers.push( marker );\n        });<\/script><\/p>\n","protected":false},"excerpt":{"rendered":"<p>&nbsp; Der erste katholische Gottesdienst nach der Reformation war am 21.11.1915 im Saal der Gastwirtschaft Kr\u00f6ger in Kl\u00fctz. Von 1915 an kamen monatlich die Geistlichen aus Wismar, um in Kl\u00fctz Gottesdienst zu halten. 1918 wurde im Schlo\u00df Bothmer eine Kapelle eingerichtet. 1925 stellte Graf Bothmer die Friedhofskapelle f\u00fcr Gottesdienste zur Verf\u00fcgung. 1932 lie\u00df die konvertierte &hellip; <a href=\"https:\/\/katholische-kirche-wismar.de\/?page_id=92\" class=\"more-link\"><span class=\"screen-reader-text\">Kl\u00fctz &#8211; Kirche Mari\u00e4 Himmelfahrt<\/span> weiterlesen <span class=\"meta-nav\">&rarr;<\/span><\/a><\/p>\n","protected":false},"author":287,"featured_media":0,"parent":94,"menu_order":0,"comment_status":"closed","ping_status":"closed","template":"","meta":{"jetpack_post_was_ever_published":false,"footnotes":""},"class_list":["post-92","page","type-page","status-publish","hentry"],"jetpack_sharing_enabled":true,"jetpack_shortlink":"https:\/\/wp.me\/PcRq38-1u","_links":{"self":[{"href":"https:\/\/katholische-kirche-wismar.de\/index.php?rest_route=\/wp\/v2\/pages\/92","targetHints":{"allow":["GET"]}}],"collection":[{"href":"https:\/\/katholische-kirche-wismar.de\/index.php?rest_route=\/wp\/v2\/pages"}],"about":[{"href":"https:\/\/katholische-kirche-wismar.de\/index.php?rest_route=\/wp\/v2\/types\/page"}],"author":[{"embeddable":true,"href":"https:\/\/katholische-kirche-wismar.de\/index.php?rest_route=\/wp\/v2\/users\/287"}],"replies":[{"embeddable":true,"href":"https:\/\/katholische-kirche-wismar.de\/index.php?rest_route=%2Fwp%2Fv2%2Fcomments&post=92"}],"version-history":[{"count":0,"href":"https:\/\/katholische-kirche-wismar.de\/index.php?rest_route=\/wp\/v2\/pages\/92\/revisions"}],"up":[{"embeddable":true,"href":"https:\/\/katholische-kirche-wismar.de\/index.php?rest_route=\/wp\/v2\/pages\/94"}],"wp:attachment":[{"href":"https:\/\/katholische-kirche-wismar.de\/index.php?rest_route=%2Fwp%2Fv2%2Fmedia&parent=92"}],"curies":[{"name":"wp","href":"https:\/\/api.w.org\/{rel}","templated":true}]}}